30 - -514?
4244
In base 6, what is 3 + 151513?
151520
In base 12, what is 21 - -a07?
a28
In base 4, what is -201 + -12012?
-12213
In base 2, what is -10101001101 + 10100100?
-10010101001
In base 16, what is -88 + a4?
1c
In base 12, what is -1291 - -5?
-1288
In base 10, what is -18872 + -5?
-18877
In base 12, what is -12 - 18865?
-18877
In base 6, what is -41520 + -42?
-42002
In base 14, what is 2019 + -11?
2008
In base 15, what is -4 + -1234b?
-12350
In base 12, what is 13403 - -8?
1340b
In base 11, what is -27 + 1625?
15a9
In base 10, what is -25 - -447?
422
In base 4, what is 203330 - 3002?
200322
In base 16, what is -4bfa4c + -4?
-4bfa50
In base 15, what is 0 + 2614d4?
2614d4
In base 11, what is 1270 + -1?
126a
In base 12, what is -17072 - -5?
-17069
In base 3, what is 102100101022 + 12?
102100101111
In base 4, what is -1320332132 - 20?
-1320332212
In base 13, what is -3b48 + -16?
-3b61
In base 11, what is -6 - -193305?
1932aa
In base 14, what is 4 - -6c753?
6c757
In base 16, what is 16b3 - 17?
169c
In base 13, what is -66 - 10a3?
-1139
In base 14, what is 16c2db + 5?
16c302
In base 14, what is -b71 + c?
-b63
In base 3, what is 10120022110100 - -11?
10120022110111
In base 4, what is 1233 - -2110?
10003
In base 13, what is -112026 + 1?
-112025
In base 8, what is -1 + 41502?
41501
In base 13, what is 237b - -12?
2390
In base 8, what is -104243 + -4?
-104247
In base 16, what is 8 + -687?
-67f
In base 9, what is -76128 + 31?
-76087
In base 13, what is -23b5bc + -1?
-23b5c0
In base 13, what is -45 - 15a60?
-15aa5
In base 8, what is -155 + -677?
-1054
In base 15, what is -2c2 - 15?
-2d7
In base 11, what is -2 - 614716?
-614718
In base 4, what is 212 + -302230?
-302012
In base 4, what is -110222 - -320?
-103302
In base 8, what is 574 - -3611?
4405
In base 16, what is 20b + 2?
20d
In base 6, what is 11 - -510452?
510503
In base 4, what is -2010013301 + -10?
-2010013311
In base 12, what is 4 + -2703?
-26bb
In base 12, what is 1 - 9a5?
-9a4
In base 4, what is 1 + 10013020130?
10013020131
In base 6, what is 2053310 - 3?
2053303
In base 16, what is aef2 + 1?
aef3
In base 8, what is -5601 + 31?
-5550
In base 2, what is 110101000110111 + -1001?
110101000101110
In base 2, what is -11011101 - 100001?
-11111110
In base 14, what is -2 - -3182?
3180
In base 14, what is -22c3 + 9?
-22b8
In base 9, what is 4768 + -1261?
3507
In base 13, what is -253 + 258?
5
In base 8, what is -3375 - -126?
-3247
In base 14, what is 40aa + -c?
409c
In base 7, what is 54 - 20503?
-20416
In base 16, what is -183 + -e1b?
-f9e
In base 2, what is 0 - 10001101100101?
-10001101100101
In base 6, what is -430015 + 5?
-430010
In base 6, what is 512133 - -5?
512142
In base 12, what is 4 - 464902?
-4648ba
In base 15, what is 6 + 55a5?
55ab
In base 14, what is 8 + 438a?
4394
In base 14, what is -13b4a - -2?
-13b48
In base 2, what is -1111110111000 - 11000?
-1111111010000
In base 12, what is -226 - 35a?
-584
In base 2, what is -10100001000 - -1?
-10100000111
In base 2, what is -101 - 101111101010101?
-101111101011010
In base 8, what is 5 + -42703?
-42676
In base 7, what is -3552 + 106?
-3443
In base 12, what is 12586 - -60?
12626
In base 6, what is -13 + -40330?
-40343
In base 6, what is 4 + 33220153?
33220201
In base 9, what is -1 - 18424?
-18425
In base 7, what is 5061 + 1265?
6356
In base 9, what is 17663 + 71?
17744
In base 4, what is 332010 - 2302?
323102
In base 3, what is -220 - 11212?
-12202
In base 4, what is -1 + 111313102?
111313101
In base 11, what is 10a46 - 1a?
10a27
In base 16, what is 0 + 10598d?
10598d
In base 16, what is 16b7 - 3d?
167a
In base 2, what is -101101100100 + -10000001?
-101111100101
In base 3, what is 12 - -12011112?
12011201
In base 16, what is 13427e + 5?
134283
In base 2, what is 110010001110100 - 11010?
110010001011010
In base 14, what is 501 - 3a4?
13b
In base 11, what is 5 - 6838?
-6833
In base 4, what is 2320120232 - 0?
2320120232
In base 8, what is -5 + -10667?
-10674
In base 11, what is 1025893 + 2?
1025895
In base 11, what is -291 - 10?
-2a1
In base 3, what is -1200202 - -110120?
-1020012
In base 7, what is -215620 - -30?
-215560
In base 2, what is -1 - 1000011111010100?
-1000011111010101
In base 5, what is -100 - 1022?
-1122
In base 2, what is 1001100111100001100 + 11?
1001100111100001111
In base 12, what is -56ab + 6?
-56a5
In base 6, what is 421034 + -2?
421032
In base 10, what is 28808 - -29?
28837
In base 3, what is -1010222 - 2200?
-1020122
In base 14, what is -a537 - -4c?
-a4c9
In base 16, what is ff8 - -3c?
1034
In base 8, what is -25 + -14132?
-14157
In base 8, what is -3 - 47072?
-47075
In base 11, what is -4 - -1753?
174a
In base 14, what is 306 - 614?
-30c
In base 13, what is 1346 + 13?
1359
In base 14, what is -111 - d9?
-20a
In base 13, what is -3 + -2ccab?
-2ccb1
In base 6, what is -15 + 1034?
1015
In base 5, what is 34 - -142401?
142440
In base 2, what is -11 + -101000000010?
-101000000101
In base 4, what is 2231 - -1020?
3311
In base 6, what is 133 + -121315?
-121142
In base 16, what is -2ce42 - a?
-2ce4c
In base 16, what is -1b5b + f?
-1b4c
In base 11, what is 0 + 675a6?
675a6
In base 8, what is -5 + 33672?
33665
In base 13, what is -6b08a + 1?
-6b089
In base 8, what is 5614 - -105?
5721
In base 9, what is 50807 + 28?
50836
In base 15, what is -29c7 - -a?
-29bc
In base 13, what is 1796 - 8?
178b
In base 3, what is -2 - 100002210022?
-100002210101
In base 4, what is 31132122 - -2?
31132130
In base 11, what is -a868 + 0?
-a868
In base 12, what is -81 - 155b?
-1620
In base 3, what is -111111201 + -10212?
-111122120
In base 12, what is 511418 - -3?
51141b
In base 8, what is 2 - -4503?
4505
In base 14, what is 99 - 1039?
-d80
In base 15, what is 71 + 25c?
2cd
In base 14, what is -3147c - 5?
-31483
In base 10, what is 3 - -3504?
3507
In base 13, what is 142a9 - 11?
14298
In base 12, what is b - 71a?
-70b
In base 15, what is -40d7 - 29?
-4111
In base 7, what is -2303435 + -4?
-2303442
In base 15, what is 1ba + -5?
1b5
In base 5, what is -120133 + -1131?
-121314
In base 5, what is -1033 + 3213?
2130
In base 10, what is 2 + 265372?
265374
In base 7, what is 3 - -200163?
200166
In base 16, what is -b - 17ed?
-17f8
In base 7, what is 11424 + 12?
11436
In base 13, what is 71b60 + 2?
71b62
In base 11, what is 2 - -18062?
18064
In base 10, what is -17 + -19475?
-19492
In base 5, what is 101 + -23303?
-23202
In base 8, what is -17400 - 121?
-17521
In base 4, what is -3132 - -1300?
-1232
In base 14, what is -3180 - -4b8?
-2aa6
In base 5, what is 32422 - 11?
32411
In base 2, what is 11101 + -1100000010010?
-1011111110101
In base 16, what is -1cd7 - -17?
-1cc0
In base 5, what is 33104 + -111?
32443
In base 7, what is -1162 + -6140?
-10332
In base 3, what is 200012 - -21?
200110
In base 6, what is -200120 + -25?
-200145
In base 3, what is -111 - 20100001112?
-20100002000
In base 2, what is -1 - -111101000111?
111101000110
In base 6, what is 324 + 31022?
31350
In base 10, what is -14 + 1030?
1016
In base 6, what is -3 - 2242042?
-2242045
In base 14, what is 579 + -5c8?
-4d
In base 16, what is c83 - 0?
c83
In base 12, what is 203a92 - -1?
203a93
In base 8, what is -1 + 1366366?
1366365
In base 4, what is -12202210 + -3?
-12202213
In base 14, what is 2d + -765?
-736
In base 2, what is -1010110110010001 - -10?
-1010110110001111
In base 7, what is -254533 - -4?
-254526
In base 4, what is 101223320 - -3?
101223323
In base 14, what is -6 - -709?
703
In base 15, what is 43d + -57?
3d6
In base 11, what is -4 - -10a27?
10a23
In base 9, what is 0 - 2581006?
-2581006
In base 7, what is 33565 + 32?
33630
In base 15, what is 0 + -18354?
-18354
In base 14, what is 4 + -242854?
-242850
In base 14, what is 3b1b4 - -a?
3b1c0
In base 15, what is 1244 + -a?
1239
In base 13, what is -365 + 88?
-2aa
In base 8, what is -2502 + -4167?
-6671
In base 16, what is 4d8c - 17?
4d75
In base 11, what is -45620 + -7?
-45627
In base 7, what is -240 - 31024?
-31264
In base 16, what is 13e0be - 4?
13e0ba
In base 8, what is 41514 - -1?
41515
In base 8, what is -5 - 713404?
-713411
In base 7, what is -1 - 425204?
-425205
In base 14, what is b28c4 - 3?
b28c1
In base 3, what is -101 - -2210020?
2202212
In base 10, what is 105 + -27?
78
In base 11, what is -327 - 218?
-544
In base 8, wha